t l = 22 - j. What is the units digit of q(l)?
9
What is the tens digit of 4530*6/18 - 3?
0
Let a(r) = -r**3 + 2*r**2 - 4*r + 175. Let f be a(0). Let l = 1541 - f. What is the hundreds digit of l?
3
Let n = 89 + -74. Suppose 6*f + n*f = 7959. What is the units digit of f?
9
Suppose -51438 = 14*p - 197178. What is the thousands digit of p?
0
Suppose 5*z + 49 = 4*s, 34*z - 45 = -5*s + 37*z. Suppose 16 = -4*f, -574 = -c - s*f + 5*f. What is the tens digit of c?
7
Let q(l) = 4*l**2 + 4*l + 1. Let p be q(-4). Suppose -m + p = -2*r, -5*m - 4*r = -3*m - 106. What is the tens digit of m?
5
Let r = 3921 - -5464. What is the units digit of r?
5
Suppose 9*r - 4*r = -4*a + 3, -6 = 2*a. Suppose 5*l - 3*v + 52 = 0, 5*l + r*v = -25 - 3. Let w(y) = -10*y - 20. What is the units digit of w(l)?
0
Suppose 11*j - 192831 = 308890. What is the hundreds digit of j?
6
Suppose 4*h = 3*q + 1851, -7*q - 607 = -6*q + 2*h. Let j = 128 - q. What is the units digit of j?
1
Suppose -8*p = 7335 + 3657. What is the hundreds digit of (8/6)/((-4)/p)?
4
Let q be 12*2/((-24)/(-93)). Let r = 82 + q. What is the hundreds digit of r?
1
Suppose -411279 = -20*s + 32916 + 167005. What is the units digit of s?
0
What is the tens digit of (-62660)/(-12) - (-19)/57?
2
Let y = -689 - -1399. What is the hundreds digit of (1224/(-255))/((-4)/y)?
8
Let y(n) = n**3 - 10*n**2 + 4*n - 1. Let i(b) = -b + 1. Let h(d) = i(d) + y(d). Let a be h(11). Suppose -8*p + a = 18. What is the tens digit of p?
1
Suppose 5*u = 179 + 31. Let j = u - -13. Let z = j - -42. What is the tens digit of z?
9
Let u be (-1 + 4)/((-5)/(-36850)*15). Let o = 2943 - u. What is the units digit of o?
9
Suppose -21708 = -30*u + 42*u. Let x = -1135 - u. What is the hundreds digit of x?
6
Suppose -7*d = 13665 - 36751. What is the tens digit of d?
9
Let a(s) = 2*s + 41. Let w be a(-19). Suppose w*f = -4*q - 32, f + 10 = -q + 1. What is the hundreds digit of f*((-18)/(-4))/((-5)/45)?
1
Let i = 2063 - -237. What is the tens digit of i?
0
Let u be ((-6)/10 - 113/20)*-4. Suppose -21*v - 228 = -u*v. Let o = 120 + v. What is the hundreds digit of o?
1
Let p = -336 + 335. Let r(u) = -426*u**3 - u**2 + u + 2. What is the units digit of r(p)?
6
Let b(u) = 124*u + 26. Let q be b(8). Let o = q - 598. Let g = o + -239. What is the tens digit of g?
8
Let s(p) = -6*p - 8. Let c(x) = -x**3 + 11*x**2 + 4. Let m be c(11). Suppose 3*a - 5*v = -35, -m*a + 2*v - 5*v - 8 = 0. What is the units digit of s(a)?
2
Let t = 996 + -17. Let n = 1624 - t. What is the tens digit of n?
4
What is the ten thousands digit of 17/(-4)*(4014/(-12))/(3/56)?
2
Suppose -99*m = -92*m - 598045. What is the thousands digit of m?
5
Let g be (6/(-45)*3)/((-7)/105). Let w(y) = -y**2 - 4*y - 7. Let u(x) = 1. Let i(p) = 3*u(p) - w(p). What is the units digit of i(g)?
0
Let s = 3853 - 1287. What is the units digit of s?
6
Let w(b) = -8*b - 384. Let m be w(-48). Suppose m*o - 2*o = -5*t - 2358, -3555 = -3*o + 3*t. What is the tens digit of o?
8
Let i be 240/9*(-6)/(-5). Suppose -222 = -d - 5*z, -5*d = 31*z - i*z - 1032. What is the units digit of d?
7
Let t(x) = 3297*x**2 - 212*x + 430. What is the hundreds digit of t(2)?
1
Let f = 235 - 234. Let w(i) = 427*i**3 - i + 1. What is the tens digit of w(f)?
2
Let v be (-2)/6 + (296/6 - 5). Let b(x) = -x**2 + 59*x - 88. What is the units digit of b(v)?
2
Let w(j) = -2*j**3 - 10*j**2 - 9*j + 12. Suppose 3*l = -3*r - 3, -10 - 3 = -2*l - 5*r. Let q be w(l). Let y = q + -104. What is the tens digit of y?
3
Let m(n) = -121*n + 6*n**2 + 24*n**2 + 113*n + 27*n**2 - 2. What is the hundreds digit of m(3)?
4
Let i = -81171 + 151490. What is the ten thousands digit of i?
7
Let h = -12144 - -39075. What is the hundreds digit of h?
9
Suppose -8*c + 6*c = 0. Suppose 2*n + c = -5*j + 4, -n + 2 = -j. Let v(x) = x + 39. What is the units digit of v(j)?
9
Suppose -5*p + 2*h = -54027, 4*p - 458*h - 43232 = -459*h. What is the thousands digit of p?
0
Suppose 10*m - 24*m = -6328. Suppose -4*s - 2*r = -4*r - 602, -3*s + m = -r. What is the units digit of s?
1
Let g(h) = -13*h**2 + 3*h + 3. Let j(l) = -14*l**2 + 2*l + 2. Let t(k) = -7*g(k) + 6*j(k). What is the units digit of t(-2)?
7
Let m = 100 - 90. Suppose -m*c + 12*c = 880. What is the hundreds digit of c?
4
Let g = -6 + -5. Let r be 5 - g/(44/160). Suppose 49*s = r*s + 552. What is the tens digit of s?
3
Let l(h) be the first derivative of -7*h**4/4 + h**3/3 - 6*h + 17. Let p be l(3). Let z = p + 367. What is the tens digit of z?
8
Let k(w) be the second derivative of -67*w**4/4 + w**3/3 + 3*w**2/2 - 26*w. Let b be k(-1). Let h = -69 - b. What is the tens digit of h?
3
Suppose d + 17 = 3*i, -i + 4 = -2*d - 5. Let a be -1 - -2 - (-1 - 7). What is the units digit of d/(-3) + 840/a?
4
Let u(z) = -2*z**3 + 14*z**2. Let l be u(7). Suppose l = 2*a - h - 3*h - 46, -5*a - 4*h + 59 = 0. Let q = 5 + a. What is the units digit of q?
0
Let p(m) = -m**2 - 20*m + 48. Let w(q) = -4*q - 10 + 2 + 5*q - 6. Let n be w(-2). What is the hundreds digit of p(n)?
1
Suppose 4*n - 2088 = 6*n - 4*r, -4158 = 4*n + r. Let o = -712 - n. What is the hundreds digit of o?
3
Let n = -36891 - -55015. What is the hundreds digit of n?
1
Let l be 3/(-30)*2 - 44/(-20). Let o = -114 + 223. Suppose l*x - 11 = o. What is the tens digit of x?
6
Let t(h) = 25*h**2 - 3*h + 42. Let y(u) = -13*u**2 + 2*u - 21. Let z(d) = -6*t(d) - 13*y(d). What is the tens digit of z(-7)?
0
Let o(r) = 19*r**3 - 6*r**2 + 21*r - 214. What is the units digit of o(15)?
6
Let c(g) = g**3 - 2*g - 8. Let s(k) = 4*k - 37. Let y be s(12). Let f be c(y). Suppose f = 7*b + 83. What is the tens digit of b?
7
What is the ten thousands digit of (-17 - (-37 - -19))*25283?
2
Suppose t = -p + 33506, -4*p - 2651*t = -2654*t - 133989. What is the ten thousands digit of p?
3
Suppose 4*w + 1 = 5*w. Suppose 1 = -3*a - y - w, -3*y - 6 = a. Suppose a = -4*k + 9*k - 255. What is the units digit of k?
1
Let t = -24 - -29. Let u(k) = 57*k + 25. Let b be u(t). Suppose -2*f = -f + 3*c - 50, -5*f + b = -5*c. What is the units digit of f?
9
Let l(c) = c**2 + 10*c + 19. Let q = 18 + -26. Let x be l(q). Suppose -4*y = -2*r + 18, 3*y - 97 = x*r - 8*r. What is the units digit of r?
7
Suppose -5*l - 7 = 3*j, j + 2*l = 3 - 7. Suppose 1352 + 382 = j*g. Let x = 413 - g. What is the tens digit of x?
2
What is the thousands digit of (2/5 + 196/210)*1698?
2
Let w(c) = c - 1. Let n be w(6). Suppose -5*k = -g - 94, 3*g + 27 = 5*k - 75. Suppose -k - 7 = -n*u. What is the units digit of u?
5
Let n(u) = 176*u - 42. Let h(c) = -c - 1. Let f(g) = 5*h(g) + n(g). What is the thousands digit of f(9)?
1
Let j(a) = 4*a + 22. Let b be j(-5). Let w be 5 + (b - (-3)/((-9)/12)). Suppose -w*h - 164 = -7*h. What is the tens digit of h?
4
Suppose 0 = 8*n - 3*n - 10. Let c be 52*n*20/16. Let h = c - 82. What is the units digit of h?
8
Let p be (-33)/(-9) - 2/3. Suppose 6 = -3*a, -p*i - 5*a + 198 = -7*i. Let w = 60 + i. What is the units digit of w?
8
Let t(m) = -m**2 - 1. Let x(c) = 7*c**2 + 5*c - 34. Let h(w) = 6*t(w) + x(w). Let u be h(-10). Suppose -945 = 5*s - u*s. What is the tens digit of s?
8
Let r(g) = -4*g**2 + 9*g + 11. Let y be r(3). Suppose 2*b + 4*v - 328 = 0, -4*b = -y*v + 7*v - 644. What is the tens digit of b?
5
What is the hundreds digit of (-86)/817 + (-6035835)/(-95)?
5
Suppose -4*r = m - 4343 - 22254, -r + 5*m = -6644. What is the tens digit of r?
4
Let j be 10/(200/15) - (-3083)/(-4). Let b = 408 + j. Let o = -168 - b. What is the tens digit of o?
9
Let h(g) = -96*g - 22. Let u be h(7). Let j = u + 1052. What is the units digit of j?
8
Let t(q) be the third derivative of q**5/6 - 5*q**4/24 - q**3/6 - 48*q**2. What is the units digit of t(6)?
9
Let y = 116497 - 58449. What is the tens digit of y?
4
Let s be (-3)/(-2) + (-45)/2. Let g be (25848/s)/(-4) + (-2)/(-7). Suppose -100 = 4*c - g. What is the units digit of c?
2
Let b(d) = 6*d**2 - 2*d - 3. Let n be b(-1). Suppose -2*f = n*f - 1631. Let s = 349 - f. What is the units digit of s?
6
Suppose -5639 = -3*v + 8*d + 99036, 0 = -4*v - d + 139520. What is the ten thousands digit of v?
3
Let u(a) = 27*a**2 - 3947*a - 67. What is the tens digit of u(155)?
2
Let x(h) = -3*h**3 + h**2 + 6*h - 8. Let r be x(1). What is the tens digit of (-962)/(-2) + 2/r*2?
8